14, what is -1a + 3d53d9?
3d53bd
In base 2, what is 110110110000010010111000111010 + 11?
110110110000010010111000111101
In base 16, what is -5 - -1ac0df?
1ac0da
In base 16, what is 1faf2 + -13?
1fadf
In base 9, what is -8066544 - 5?
-8066550
In base 5, what is -1333 + 31013311?
31011423
In base 15, what is 45d10b5 - 5?
45d10b0
In base 6, what is 5 + -2123034251?
-2123034242
In base 14, what is cc0a2a - -8b?
cc0ab7
In base 14, what is -403a - 4b8?
-4514
In base 12, what is -9b3480 + -a?
-9b348a
In base 12, what is 0 + a9536b1?
a9536b1
In base 4, what is 212200 - -202331200?
203210000
In base 10, what is -71 - -31265?
31194
In base 2, what is 111001111010 + 10100000010?
1001101111100
In base 9, what is -3770447 + -3?
-3770451
In base 7, what is 10545 + -42036?
-31161
In base 10, what is 67820 + 111?
67931
In base 16, what is 51 - -722?
773
In base 12, what is a1049a - -18?
a104b6
In base 13, what is 6c1c + 1a22c?
2414b
In base 13, what is 106275 - a?
106268
In base 14, what is 0 - 13a64c0?
-13a64c0
In base 14, what is 4 - 790346a?
-7903466
In base 11, what is a161 + 79174?
88325
In base 16, what is 4 - -1eaf9f?
1eafa3
In base 7, what is -225 - -101452?
101224
In base 13, what is 245 - -1b581?
1b7c6
In base 8, what is -1324343 + 1531?
-1322612
In base 10, what is -31 + 23906487?
23906456
In base 5, what is -1221 - -23004200?
23002424
In base 9, what is -58120216 - 6?
-58120223
In base 9, what is -326 + 48357?
48031
In base 6, what is -55130004 - -242?
-55125322
In base 5, what is 0 - -1123044131?
1123044131
In base 3, what is 11 + 22021001221211?
22021001221222
In base 9, what is 14631856 + -5?
14631851
In base 4, what is 13212101 - 213?
13211222
In base 2, what is -1 - 11001110001000111100100?
-11001110001000111100101
In base 4, what is -10 - -2130221122210?
2130221122200
In base 16, what is 3 + 304efdb?
304efde
In base 13, what is -aa7b24 + 0?
-aa7b24
In base 15, what is -187e + -7cb?
-215a
In base 2, what is -110010000111110101100101 + -1110?
-110010000111110101110011
In base 3, what is 201212122 - 2121221?
122020201
In base 9, what is 23140202 - -3?
23140205
In base 12, what is 2b - 12649b4?
-1264985
In base 5, what is -202 - -310310132?
310304430
In base 8, what is 2244 - -733667?
736133
In base 3, what is -1221010100202222 - 1?
-1221010100210000
In base 2, what is 1010 + 10110010100101001000?
10110010100101010010
In base 8, what is 774 + -2522154?
-2521160
In base 10, what is -1756601 - -11?
-1756590
In base 8, what is 227 + 700646?
701075
In base 5, what is -4 + -2404303400?
-2404303404
In base 15, what is -a94baeb - -3?
-a94bae8
In base 8, what is -2155 + 47724?
45547
In base 11, what is 4a8 - 127258?
-126860
In base 6, what is 2124203150 - 1?
2124203145
In base 16, what is -be1287 - -2c?
-be125b
In base 5, what is 11 - -102033402?
102033413
In base 7, what is -2435641354 + 1?
-2435641353
In base 12, what is -4 - 268ab965?
-268ab969
In base 10, what is 47806 + -4711?
43095
In base 5, what is 43 + 3301321024?
3301321122
In base 4, what is -110033 + -31300032?
-32010131
In base 11, what is -280 + -7a210?
-7a490
In base 12, what is -1a882a1 + 17?
-1a88286
In base 11, what is -14a60 - -22213?
8263
In base 5, what is -31334 + -113?
-32002
In base 15, what is -54 - -4454e?
444ea
In base 7, what is -510 - -6400341?
6366531
In base 4, what is -1013 - -232320102?
232313023
In base 6, what is -4 + 14140211422?
14140211414
In base 7, what is -144 + -40233262?
-40233436
In base 5, what is 14142 - 1120030?
-1100333
In base 4, what is 21 + -11100011031?
-11100011010
In base 5, what is 4044444 - 11?
4044433
In base 11, what is 22729 + -1700?
21029
In base 3, what is 112021110 + -122120?
111121220
In base 2, what is 11011101001001001101000 + 1?
11011101001001001101001
In base 7, what is -1 + -3312022653?
-3312022654
In base 8, what is 31 + -2302246?
-2302215
In base 13, what is 12 - -1420cca?
142100c
In base 6, what is 13 + -13511303?
-13511250
In base 14, what is -384276d + 2?
-384276b
In base 14, what is -5726 + -d073?
-14799
In base 4, what is -332313 - 332303?
-1331222
In base 2, what is 100 + 1001101110100000011010011?
1001101110100000011010111
In base 5, what is 32320 + 112340?
200210
In base 7, what is 1401 - -11620515?
11622216
In base 14, what is -4 - 28820b3?
-28820b7
In base 11, what is -58a180 + -603?
-58a783
In base 16, what is -1444e3 - e?
-1444f1
In base 15, what is b898 + -d06?
aa92
In base 11, what is -2 - 224136?
-224138
In base 10, what is 275336 - 314?
275022
In base 6, what is 4124320222 + -3?
4124320215
In base 10, what is 155 + 1075464?
1075619
In base 2, what is -11010110001111011 - 111010100111?
-11011101100100010
In base 8, what is -452 - -3437677?
3437225
In base 8, what is -11567167 + 254?
-11566713
In base 15, what is -b7e - dc3c?
-e8bb
In base 16, what is 199777 + 4?
19977b
In base 10, what is -1691 - 3970?
-5661
In base 4, what is 2200200 - 30100?
2110100
In base 15, what is -6 - -9883b?
98835
In base 8, what is -34501766 + -51?
-34502037
In base 14, what is 9d92 + 118?
a0aa
In base 4, what is 2203220 - -220020?
3023300
In base 6, what is 401520 + -12455?
345021
In base 10, what is -2 + -264251?
-264253
In base 8, what is -1161 - -6015?
4634
In base 13, what is -a4 - -22662?
2258b
In base 12, what is 70b6 - -1056?
8150
In base 15, what is 2 - -200754?
200756
In base 13, what is -2840 + -156c?
-40ac
In base 16, what is b0 - 90239?
-90189
In base 16, what is -3 + 4c83a86?
4c83a83
In base 8, what is -2463 - 742261?
-744744
In base 14, what is -72aa2 + 0?
-72aa2
In base 4, what is 3303131 + 313202?
10222333
In base 11, what is 3 + -66249514?
-66249511
In base 5, what is -24111043 - 102?
-24111200
In base 13, what is -7c + 16585b?
1657ac
In base 10, what is 274 - 3534?
-3260
In base 2, what is -1110010011100111 + -10010000?
-1110010101110111
In base 5, what is -12210012303 - 2?
-12210012310
In base 13, what is c804bb9 - -1?
c804bba
In base 15, what is -c4 - -1ad089?
1aceb5
In base 11, what is 97112 - 19?
970a4
In base 6, what is -111 - -5302154?
5302043
In base 5, what is -2214313032 - 0?
-2214313032
In base 5, what is -3403034 + -222?
-3403311
In base 5, what is 2304441440 + -202?
2304441233
In base 4, what is -202001302331 + -13?
-202001303010
In base 8, what is -43203045 + 102?
-43202743
In base 2, what is 1010 - 111110111111001?
-111110111101111
In base 8, what is 1026 + 457250?
460276
In base 5, what is 122204 - -4401?
132110
In base 14, what is -5 - d6ca3d?
-d6ca44
In base 12, what is b72 - 5641?
-468b
In base 15, what is -83d465 + -2?
-83d467
In base 14, what is -340 + 935b1?
93271
In base 10, what is -264399 - 13?
-264412
In base 11, what is 22189320 - 3?
22189318
In base 5, what is 1312 + -1234344?
-1233032
In base 4, what is -10012021 - 1020203?
-11032230
In base 6, what is 13 - 154544502?
-154544445
In base 10, what is -1262992 - 34?
-1263026
In base 4, what is 102122311233113 + -10?
102122311233103
In base 10, what is -3467985 + 0?
-3467985
In base 14, what is 5a17aab + 4?
5a17ab1
In base 8, what is 423160567 + 2?
423160571
In base 13, what is -6a + -15c58?
-15cc5
In base 4, what is 102021022132 + 1000?
102021023132
In base 9, what is -170706404 - 8?
-170706413
In base 13, what is -bb74a6 + 5?
-bb74a1
In base 9, what is -7113874 - 7?
-7113882
In base 14, what is -11d - -272886?
272767
In base 12, what is -35453b - 0?
-35453b
In base 15, what is -718aa + c?
-7189d
In base 11, what is 2561763 - 55?
2561709
In base 15, what is -170 + -40c9c9?
-40cb49
In base 16, what is 1fac0 - -6?
1fac6
In base 2, what is 10110101 + -1111011100111011010?
-1111011100100100101
In base 6, what is 133053412 - 20?
133053352
In base 15, what is -581073 + 6?
-58106c
In base 7, what is -23634216316 - 1?
-23634216320
In base 7, what is 4 + 13644036252?
13644036256
In base 11, what is -33a82376 + -2?
-33a82378
In base 8, what is -162270230 - 4?
-162270234
In base 5, what is 103401 - 22213?
31133
In base 5, what is -142 + -30100242?
-30100434
In base 3, what is -10021121 - 1221001?
-12012122
In base 15, what is -1b0 + -1cc60?
-1ce20
In base 14, what is 0 + -2aa7d6?
-2aa7d6
In base 10, what is 2 - 6521370?
-6521368
In base 5, what is 0 - 210234034444?
-210234034444
In base 8, what is -4 + 300077?
300073
In base 13, what is -a02608 - 80?
-a026